{"id":33,"date":"2014-11-10T12:50:21","date_gmt":"2014-11-10T11:50:21","guid":{"rendered":"http:\/\/hr-solutions.se\/?page_id=33"},"modified":"2017-04-26T12:35:12","modified_gmt":"2017-04-26T10:35:12","slug":"start","status":"publish","type":"page","link":"https:\/\/hr-solutions.se\/","title":{"rendered":"Om HR-solutions"},"content":{"rendered":"<h1 style=\"text-align: center;\"><span style=\"color: #000000;\"><em><strong>&#8221;Passion, kvalit\u00e9 och flexibilitet&#8221;<\/strong><\/em><\/span><\/h1>\n<p style=\"text-align: center;\">&#8211; Skr\u00e4ddarsydda l\u00f6sningar inom rekrytering och personbed\u00f6mningar.<\/p>\n<p>\u00a0<strong>HR-Solutions Erbjudande<\/strong><\/p>\n<p style=\"text-align: justify;\">Hanna Loostr\u00f6m \u00e4r verksam som Seniorkonsult p\u00e5 HR-Solutions by MMG. \u00a0 \u00a0 \u00a0 \u00a0 \u00a0 \u00a0 \u00a0<a href=\"https:\/\/hr-solutions.se\/wp-content\/uploads\/2014\/11\/pusselbit.png\"><img loading=\"lazy\" decoding=\"async\" class=\"alignright wp-image-63 \" src=\"https:\/\/hr-solutions.se\/wp-content\/uploads\/2014\/11\/pusselbit-242x300.png\" alt=\"pusselbit\" width=\"362\" height=\"449\" srcset=\"https:\/\/hr-solutions.se\/wp-content\/uploads\/2014\/11\/pusselbit-242x300.png 242w, https:\/\/hr-solutions.se\/wp-content\/uploads\/2014\/11\/pusselbit.png 284w\" sizes=\"(max-width: 362px) 100vw, 362px\" \/><\/a><br \/>\nHanna har 17 \u00e5rs erfarenhet fr\u00e5n rekryteringsbranschen och har kunder<br \/>\nb\u00e5de inom privat och offentlig sektor. Hanna erbjuder sina tj\u00e4nster<br \/>\ni alla led av rekryteringsprocessen och har gedigen erfarenhet av<br \/>\nsearch, urval, djupintervjuer samt personbed\u00f6mningar.<\/p>\n<p style=\"text-align: justify;\">Hanna b\u00f6rjade inom bemanningsbranschen som bemanningsansvarig<br \/>\noch sedan konsultchef. F\u00f6r 15 \u00e5r sedan inriktade sig Hanna mot<br \/>\nExecutive Search, Chefs- samt Specialistrekryteringar.<\/p>\n<p style=\"text-align: justify;\">Hanna erbjuder total flexibilitet och skr\u00e4ddarsyr sitt samarbete med<br \/>\nuppdragsgivaren utifr\u00e5n de unika behov som finns.<\/p>\n<p style=\"text-align: justify;\">Magister i Ekonomi\/Management Stockholms Universitet<br \/>\nCertifierad i STP-granskade beg\u00e5vningstester samt personbed\u00f6mningar<br \/>\n<span style=\"line-height: 1.714285714; font-size: 1rem;\">Matrigma, BKT, BasicIQ<br \/>\n<\/span>Certifierad i STP-granskade personlighetsbed\u00f6mningar HAS, HPI, HDS, MVPI<\/p>\n","protected":false},"excerpt":{"rendered":"<p>&#8221;Passion, kvalit\u00e9 och flexibilitet&#8221; &#8211; Skr\u00e4ddarsydda l\u00f6sningar inom rekrytering och personbed\u00f6mningar. \u00a0HR-Solutions Erbjudande Hanna Loostr\u00f6m \u00e4r verksam som Seniorkonsult p\u00e5 HR-Solutions by MMG. \u00a0 \u00a0 \u00a0 \u00a0 \u00a0 \u00a0 \u00a0 Hanna har 17 \u00e5rs erfarenhet fr\u00e5n rekryteringsbranschen och har kunder b\u00e5de inom privat och offentlig sektor. Hanna erbjuder sina tj\u00e4nster i alla led av rekryteringsprocessen och har gedigen erfarenhet av search, urval, djupintervjuer samt personbed\u00f6mningar. Hanna b\u00f6rjade inom bemanningsbranschen som bemanningsansvarig och sedan konsultchef. F\u00f6r 15 \u00e5r sedan inriktade sig Hanna mot Executive Search, Chefs- samt Specialistrekryteringar. Hanna erbjuder total flexibilitet och skr\u00e4ddarsyr sitt samarbete med uppdragsgivaren utifr\u00e5n de unika behov som finns. Magister i Ekonomi\/Management Stockholms Universitet Certifierad i STP-granskade beg\u00e5vningstester samt personbed\u00f6mningar Matrigma, BKT, BasicIQ Certifierad i STP-granskade personlighetsbed\u00f6mningar HAS, HPI, HDS, MVPI<\/p>\n","protected":false},"author":1,"featured_media":0,"parent":0,"menu_order":1,"comment_status":"closed","ping_status":"closed","template":"page-templates\/front-page.php","meta":{"footnotes":""},"_links":{"self":[{"href":"https:\/\/hr-solutions.se\/index.php?rest_route=\/wp\/v2\/pages\/33"}],"collection":[{"href":"https:\/\/hr-solutions.se\/index.php?rest_route=\/wp\/v2\/pages"}],"about":[{"href":"https:\/\/hr-solutions.se\/index.php?rest_route=\/wp\/v2\/types\/page"}],"author":[{"embeddable":true,"href":"https:\/\/hr-solutions.se\/index.php?rest_route=\/wp\/v2\/users\/1"}],"replies":[{"embeddable":true,"href":"https:\/\/hr-solutions.se\/index.php?rest_route=%2Fwp%2Fv2%2Fcomments&post=33"}],"version-history":[{"count":31,"href":"https:\/\/hr-solutions.se\/index.php?rest_route=\/wp\/v2\/pages\/33\/revisions"}],"predecessor-version":[{"id":253,"href":"https:\/\/hr-solutions.se\/index.php?rest_route=\/wp\/v2\/pages\/33\/revisions\/253"}],"wp:attachment":[{"href":"https:\/\/hr-solutions.se\/index.php?rest_route=%2Fwp%2Fv2%2Fmedia&parent=33"}],"curies":[{"name":"wp","href":"https:\/\/api.w.org\/{rel}","templated":true}]}}